10) to base 4
22003
What is -17783 (base 10) in base 16?
-4577
What is -1111033 (base 4) in base 8?
-12517
6426 (base 7) to base 4
203202
Convert -733 (base 9) to base 10.
-597
What is -1113302 (base 4) in base 10?
-5618
What is 1146 (base 13) in base 16?
978
-236521 (base 7) to base 5
-2340020
What is -1011111001 (base 2) in base 5?
-11021
Convert -226 (base 7) to base 14.
-86
38b1 (base 15) to base 6
131551
What is 6414 (base 7) in base 10?
2265
7075 (base 10) to base 11
5352
What is a37 (base 14) in base 3?
2202102
What is 24201 (base 6) in base 16?
dc9
7d72 (base 15) to base 16
6821
-27c (base 14) to base 7
-1315
What is 6458 (base 10) in base 11?
4941
12b (base 12) to base 5
1204
What is -1247 (base 10) in base 5?
-14442
What is 11010100101010 (base 2) in base 10?
13610
What is -257 (base 13) in base 15?
-1c5
What is -1010101100 (base 2) in base 9?
-840
What is 87d (base 16) in base 7?
6223
3b10 (base 13) to base 2
10000100001111
49a9 (base 12) to base 5
231322
Convert -b449 (base 12) to base 11.
-13836
18864 (base 10) to base 11
1319a
What is 110000000011 (base 2) in base 11?
2346
-3795 (base 10) to base 3
-12012120
Convert -656a (base 11) to base 13.
-3c39
Convert 1311 (base 6) to base 16.
14b
31013 (base 7) to base 2
1110110000100
-1220221222 (base 3) to base 6
-451212
-14233 (base 5) to base 12
-835
-101010000 (base 2) to base 5
-2321
3814 (base 15) to base 4
2322220
Convert 343435 (base 7) to base 9.
103044
What is 53 (base 7) in base 11?
35
What is -16173 (base 8) in base 15?
-2261
What is 3d (base 15) in base 7?
112
What is -5140 (base 6) in base 3?
-1120020
What is 2b0 (base 16) in base 14?
372
What is -2870 (base 9) in base 15?
-999
Convert -33a (base 14) to base 8.
-1200
Convert 121222222 (base 3) to base 8.
30150
What is 6122 (base 10) in base 3?
22101202
51 (base 11) to base 15
3b
-234 (base 5) to base 12
-59
37406 (base 8) to base 9
24116
What is 519 (base 13) in base 4?
31203
-10251 (base 10) to base 2
-10100000001011
-10044 (base 6) to base 9
-1731
Convert ba1a (base 14) to base 7.
162533
-1112033 (base 4) to base 12
-323b
What is 22d (base 14) in base 3?
121001
-1ba7 (base 12) to base 5
-102224
Convert 232022 (base 4) to base 16.
b8a
-2321131 (base 4) to base 11
-8a10
What is 123042 (base 7) in base 13?
a419
Convert -21333 (base 4) to base 8.
-1177
Convert -32221 (base 9) to base 7.
-116110
Convert -101010001100010 (base 2) to base 9.
-32562
Convert 577 (base 9) to base 15.
21a
What is 61713 (base 9) in base 14?
10b74
What is 167 (base 9) in base 8?
216
-2b9d (base 14) to base 8
-17147
32022 (base 4) to base 9
1216
Convert 139 (base 16) to base 6.
1241
What is 1121001 (base 3) in base 7?
3250
-131022 (base 4) to base 9
-2503
Convert -12342 (base 5) to base 13.
-59a
412153 (base 6) to base 9
50116
What is -591f (base 16) in base 8?
-54437
What is 3420 (base 5) in base 2?
111100101
203100 (base 4) to base 16
8d0
Convert -4bb (base 12) to base 4.
-23033
What is -21211 (base 7) in base 8?
-12203
Convert -27c (base 13) to base 4.
-12321
3502 (base 6) to base 10
830
Convert -24cd (base 15) to base 3.
-101202111
What is -258 (base 9) in base 8?
-327
What is 10011101 (base 2) in base 9?
184
What is -1732 (base 8) in base 14?
-506
Convert -323 (base 9) to base 14.
-14c
Convert 27467 (base 8) to base 3.
121120200
-50d3 (base 15) to base 7
-100530
What is -2a67 (base 14) in base 10?
-7539
What is -6661 (base 11) in base 9?
-13034
107 (base 14) to base 6
535
2261 (base 10) to base 6
14245
Convert -101101 (base 2) to base 11.
-41
What is 102030 (base 5) in base 14?
1342
What is -17c (base 16) in base 15?
-1a5
Convert -40310 (base 6) to base 13.
-2547
What is -13124 (base 13) in base 16?
-8a17
2812 (base 9) to base 15
962
Convert 1210 (base 3) to base 15.
33
Convert -18617 (base 9) to base 7.
-52411
What is 114b (base 15) in base 6?
24555
Convert -319 (base 11) to base 3.
-112012
-353256 (base 7) to base 15
-13c99
968 (base 15) to base 4
201023
-17b (base 13) to base 5
-2041
Convert 24420 (base 8) to base 12.
6100
What is 3071 (base 10) in base 14?
1195
Convert 15141 (base 6) to base 3.
10100021
What is 11100110001 (base 2) in base 14?
957
Convert 651 (base 10) to base 13.
3b1
What is 26452 (base 9) in base 2?
100010111001011
5c35 (base 13) to base 3
122220121
-a8 (base 12) to base 10
-128
What is 10107 (base 11) in base 6?
152213
Convert -59b (base 12) to base 14.
-43d
Convert 65 (base 13) to base 15.
58
Convert -a16 (base 16) to base 5.
-40312
4ae (base 15) to base 10
1064
What is -101111100110000 (base 2) in base 5?
-1234433
-222 (base 10) to base 9
-266
-2242 (base 5) to base 14
-190
-1335 (base 6) to base 11
-296
Convert -140230 (base 6) to base 11.
-9894
What is -101001010011000 (base 2) in base 16?
-5298
Convert -12445 (base 14) to base 16.
-aecd
Convert -18416 (base 14) to base 5.
-3424142
Convert 321 (base 16) to base 2.
1100100001
Convert -79d6 (base 14) to base 12.
-102b4
What is 5596 (base 13) in base 6?
131201
Convert -3303222 (base 4) to base 9.
-23346
What is 983d (base 15) in base 9?
48184
Convert 61804 (base 9) to base 11.
28683
111 (base 6) to base 9
47
1776 (base 10) to base 11
1375
32431 (base 6) to base 3
20011001
-1aa85 (base 12) to base 8
-115205
Convert 10020222 (base 3) to base 16.
947
What is 47235 (base 8) in base 6?
233101
38924 (base 10) to base 7
221324
What is 18b1 (base 14) in base 9?
6113
What is -9182 (base 10) in base 6?
-110302
What is 11143 (base 5) in base 14?
410
-110013 (base 5) to base 14
-1526
56b (base 15) to base 5
14401
What is 80 (base 13) in base 14?
76
What is b3 (base 12) in base 11?
113
Convert 477 (base 12) to base 9.
821
What is -604 (base 7) in base 4?
-10222
265 (base 8) to base 12
131
Convert 2a32a (base 11) to base 15.
cb0c
What is 7 (base 13) in base 4?
13
What is -246 (base 9) in base 2?
-11001100
What is 11171 (base 9) in base 5?
214220
-2986 (base 12) to base 4
-1023312
11473 (base 12) to base 16
5a57
What is -104 (base 7) in base 11?
-49
21202 (base 3) to base 11
180
What is -22224 (base 6) in base 15?
-dc7
Convert 282c (base 16) to base 7.
41661
-110001001001 (base 2) to base 5
-100040
12264 (base 7) to base 5
100411
-25055 (base 9) to base 13
-7868
45300 (base 6) to base 8
14344
Convert 22201 (base 3) to base 15.
10a
Convert 23132133 (base 4) to base 3.
2101111000
Convert -3c1 (base 13) to base 3.
-220121
Convert 2987 (base 12) to base 5.
123410
17076 (base 8) to base 13
36a7
Convert -2b27 (base 16) to base 4.
-2230213
Convert 1011111100100101 (base 2) to base 9.
74110
-18288 (base 14) to base 13
-21931
Convert 1206 (base 8) to base 7.
1612
-172 (base 8) to base 3
-11112
What is -3012 (base 9) in base 16?
-896
Convert -1000100001011001 (base 2) to base 5.
-2104110
-10270 (base 8) to base 9
-5775
What is -21002 (base 3) in base 8?
-277
What is -5a (base 16) in base 4?
-1122
78344 (base 9) to base 4
30231022
Convert -355 (base 12) to base 3.
-200102
What is -330345 (base 6) in base 4?
-12223121
What is -13721 (base 9) in base 3?
-110210201
2445 (base 9) to base 3
2111112
Convert 200210 (base 3) to base 9.
623
-4141 (base 5) to base 11
-457
What is -111001 (base 3) in base 4?
-11200
2544 (base 8) to base 12
970
Convert -146 (base 15) to base 9.
-353
What is 2a4 (base 15) in base 10?
604
1121101 (base 3) to base 7
3262
Convert -ab3 (base 14) to base 6.
-13445
What is -263b (base 12) in base 2?
-1000100001111
Convert 2626 (base 12) to base 7.
15453
-851 (base 13) to base 6
-10322
-22002222 (base 3) to base 6
-43212
-10123 (base 5) to base 4
-22113
-1234 (base 5) to base 16
-c2
2e (base 16) to base 2
101110
What is 814 (base 13) in base 14?
6db
Convert 765 (base 13) to base 16.
4f2
-1001030 (base 4) to base 5
-113142
Convert -155 (base 15) to base 14.
-17b
Convert -6983 (base 13) to base 3.
-202022112
Convert -8549 (base 12) to base 3.
-202000210
Convert 232 (base 5) to base 10.
67
What is -7b2b (base 13) in base 8?
-41573
Convert -996 (base 11) to base 10.
-1194
What is 10556 (base 7) in base 9?
3615
-2532 (base 7) to base 15
-439
Convert 114 (base 8) to base 6.
204
-2100020010 (base 3) to base 10
-46092
-1101010000111 (base 2) to base 3
-100022112
What is 763 (base 11) in base 16?
394
What is 80248 (base 9) in base 13?
1aca5
What is 1154130 (base 6) in base 9?
103730
What i